{"id":29113,"date":"2023-08-27T19:35:04","date_gmt":"2023-08-27T23:35:04","guid":{"rendered":"http:\/\/www.yungayino.cl\/noticias\/?page_id=29113"},"modified":"2023-10-21T04:53:20","modified_gmt":"2023-10-21T08:53:20","slug":"proyecto-entrevista-a-personas-que-ayudan-en-el-cuidado-del-medio-ambiente-en-yungay","status":"publish","type":"page","link":"https:\/\/www.yungayino.cl\/noticias\/?page_id=29113","title":{"rendered":"Proyecto \u201cEntrevista a Personas que Ayudan en el Cuidado del Medio Ambiente en Yungay\u00bb"},"content":{"rendered":"<p><a href=\"http:\/\/www.yungayino.cl\/noticias\/wp-content\/uploads\/2023\/08\/yungayino-ffmcs2023.png\" rel=\"lightbox\"><img loading=\"lazy\" decoding=\"async\" class=\"alignnone size-full wp-image-29373\" src=\"http:\/\/www.yungayino.cl\/noticias\/wp-content\/uploads\/2023\/08\/yungayino-ffmcs2023.jpg\" alt=\"\" width=\"640\" height=\"640\" srcset=\"https:\/\/www.yungayino.cl\/noticias\/wp-content\/uploads\/2023\/08\/yungayino-ffmcs2023.jpg 640w, https:\/\/www.yungayino.cl\/noticias\/wp-content\/uploads\/2023\/08\/yungayino-ffmcs2023-300x300.jpg 300w, https:\/\/www.yungayino.cl\/noticias\/wp-content\/uploads\/2023\/08\/yungayino-ffmcs2023-150x150.jpg 150w, https:\/\/www.yungayino.cl\/noticias\/wp-content\/uploads\/2023\/08\/yungayino-ffmcs2023-80x80.jpg 80w, https:\/\/www.yungayino.cl\/noticias\/wp-content\/uploads\/2023\/08\/yungayino-ffmcs2023-320x320.jpg 320w\" sizes=\"auto, (max-width: 640px) 100vw, 640px\" \/><\/a><\/p>\n<p><strong>Proyecto \u201cEntrevista a Personas que Ayudan en el Cuidado del Medio Ambiente en Yungay\u201d<\/strong><\/p>\n<p style=\"text-align: justify;\">El Fondo de Medios de Comunicaci\u00f3n Social Regional, Provincial y Comunal 2023 busca descentralizar los medios de comunicaci\u00f3n, permiti\u00e9ndoles financiar de forma adicional proyectos relativos a la realizaci\u00f3n, edici\u00f3n y difusi\u00f3n de programas o suplementos de car\u00e1cter regional o local que refuercen el rol de la comunicaci\u00f3n en el desarrollo social y cultural del pa\u00eds.<\/p>\n<p style=\"text-align: justify;\">Como Medio de Comunicaci\u00f3n Yungayino.cl, obtuvimos la adjudicaci\u00f3n de recursos del Fondo de Medios de Comunicaci\u00f3n Social para ejecutar el proyecto denominado <strong>\u201cEntrevista a Personas que ayudan en el Cuidado del Medio Ambiente en Yungay\u201d, <\/strong>por lo que nos sentimos felices destacando que llevamos 14 a\u00f1os aportando y visibilizando las diferentes actividades, costumbres y desarrollo de la comuna de Yungay a trav\u00e9s de Internet, por lo tanto con la ejecuci\u00f3n de este\u00a0 proyecto queremos aporta con granito al la difusi\u00f3n y cuidado del Medio Ambiente en Yungay.<\/p>\n<p style=\"text-align: justify;\"><strong>Finalmente destacar que este proyecto se realizara \u00a0con financiamiento a trav\u00e9s del FFMCS 2023<\/strong>.<\/p>\n<hr \/>\n<p><span style=\"font-size: 18pt;\"><strong><br \/>\nPRIMERA ENTREVISTA<\/strong><\/span><\/p>\n<blockquote class=\"wp-embedded-content\" data-secret=\"8EpCVGaFru\"><p><a href=\"https:\/\/www.yungayino.cl\/noticias\/?p=29412\">Blanca Fa\u00fandez Godoy: \u201cEntrevista a Personas que Ayudan en el Cuidado del Medio Ambiente en la Comuna de Yungay\u201d<\/a><\/p><\/blockquote>\n<p><iframe loading=\"lazy\" class=\"wp-embedded-content\" sandbox=\"allow-scripts\" security=\"restricted\" style=\"position: absolute; clip: rect(1px, 1px, 1px, 1px);\" title=\"\u00abBlanca Fa\u00fandez Godoy: \u201cEntrevista a Personas que Ayudan en el Cuidado del Medio Ambiente en la Comuna de Yungay\u201d\u00bb \u2014 Yungayino.cl\" src=\"https:\/\/www.yungayino.cl\/noticias\/?p=29412&#038;embed=true#?secret=yi5HFdYWYl#?secret=8EpCVGaFru\" data-secret=\"8EpCVGaFru\" width=\"500\" height=\"282\" frameborder=\"0\" marginwidth=\"0\" marginheight=\"0\" scrolling=\"no\"><\/iframe><\/p>\n<p>&nbsp;<\/p>\n<p>&nbsp;<\/p>\n<p><span style=\"font-size: 18pt;\"><strong>SEGUNDA ENTREVISTA<\/strong><\/span><\/p>\n<blockquote class=\"wp-embedded-content\" data-secret=\"e2TTSzirqf\"><p><a href=\"https:\/\/www.yungayino.cl\/noticias\/?p=29625\">Pamela S\u00e1nchez Aranda: \u201cEntrevista a Personas que Ayudan en el Cuidado del Medio Ambiente en la Comuna de Yungay\u201d<\/a><\/p><\/blockquote>\n<p><iframe loading=\"lazy\" class=\"wp-embedded-content\" sandbox=\"allow-scripts\" security=\"restricted\" style=\"position: absolute; clip: rect(1px, 1px, 1px, 1px);\" title=\"\u00abPamela S\u00e1nchez Aranda: \u201cEntrevista a Personas que Ayudan en el Cuidado del Medio Ambiente en la Comuna de Yungay\u201d\u00bb \u2014 Yungayino.cl\" src=\"https:\/\/www.yungayino.cl\/noticias\/?p=29625&#038;embed=true#?secret=67XmZyln0p#?secret=e2TTSzirqf\" data-secret=\"e2TTSzirqf\" width=\"500\" height=\"282\" frameborder=\"0\" marginwidth=\"0\" marginheight=\"0\" scrolling=\"no\"><\/iframe><\/p>\n<p>&nbsp;<\/p>\n<p>&nbsp;<\/p>\n<p><span style=\"font-size: 18pt;\"><strong>TERCERA ENTREVISTA<\/strong><\/span><\/p>\n<blockquote class=\"wp-embedded-content\" data-secret=\"lUsKWkKIcj\"><p><a href=\"https:\/\/www.yungayino.cl\/noticias\/?p=29680\">Gerson Cortez Bazo: \u201cEntrevista a Personas de Ayudan en el Cuidado del Medio Ambiente en la Comuna de Yungay\u201d<\/a><\/p><\/blockquote>\n<p><iframe loading=\"lazy\" class=\"wp-embedded-content\" sandbox=\"allow-scripts\" security=\"restricted\" style=\"position: absolute; clip: rect(1px, 1px, 1px, 1px);\" title=\"\u00abGerson Cortez Bazo: \u201cEntrevista a Personas de Ayudan en el Cuidado del Medio Ambiente en la Comuna de Yungay\u201d\u00bb \u2014 Yungayino.cl\" src=\"https:\/\/www.yungayino.cl\/noticias\/?p=29680&#038;embed=true#?secret=A1Jd54brva#?secret=lUsKWkKIcj\" data-secret=\"lUsKWkKIcj\" width=\"500\" height=\"282\" frameborder=\"0\" marginwidth=\"0\" marginheight=\"0\" scrolling=\"no\"><\/iframe><\/p>\n<p>&nbsp;<br \/>\n<span style=\"font-size: 18pt;\"><strong>CUARTA ENTREVISTA<\/strong><\/span><\/p>\n<blockquote class=\"wp-embedded-content\" data-secret=\"lRcgiM9oVJ\"><p><a href=\"https:\/\/www.yungayino.cl\/noticias\/?p=29814\">Daniel Mundaca Rodr\u00edguez: \u201cEntrevista a Personas que Ayudan en el Cuidado del Medio Ambiente en la Comuna de Yungay\u201d<\/a><\/p><\/blockquote>\n<p><iframe loading=\"lazy\" class=\"wp-embedded-content\" sandbox=\"allow-scripts\" security=\"restricted\" style=\"position: absolute; clip: rect(1px, 1px, 1px, 1px);\" title=\"\u00abDaniel Mundaca Rodr\u00edguez: \u201cEntrevista a Personas que Ayudan en el Cuidado del Medio Ambiente en la Comuna de Yungay\u201d\u00bb \u2014 Yungayino.cl\" src=\"https:\/\/www.yungayino.cl\/noticias\/?p=29814&#038;embed=true#?secret=HPFv9s2LaO#?secret=lRcgiM9oVJ\" data-secret=\"lRcgiM9oVJ\" width=\"500\" height=\"282\" frameborder=\"0\" marginwidth=\"0\" marginheight=\"0\" scrolling=\"no\"><\/iframe><\/p>\n<p>&nbsp;<\/p>\n","protected":false},"excerpt":{"rendered":"<p>Proyecto \u201cEntrevista a Personas que Ayudan en el Cuidado del Medio Ambiente en Yungay\u201d El Fondo de Medios de Comunicaci\u00f3n Social Regional, Provincial y Comunal 2023 busca descentralizar los medios de comunicaci\u00f3n, permiti\u00e9ndoles financiar&#46;&#46;&#46;<\/p>\n","protected":false},"author":1,"featured_media":0,"parent":0,"menu_order":0,"comment_status":"closed","ping_status":"closed","template":"","meta":{"footnotes":""},"class_list":["post-29113","page","type-page","status-publish","hentry"],"_links":{"self":[{"href":"https:\/\/www.yungayino.cl\/noticias\/index.php?rest_route=\/wp\/v2\/pages\/29113","targetHints":{"allow":["GET"]}}],"collection":[{"href":"https:\/\/www.yungayino.cl\/noticias\/index.php?rest_route=\/wp\/v2\/pages"}],"about":[{"href":"https:\/\/www.yungayino.cl\/noticias\/index.php?rest_route=\/wp\/v2\/types\/page"}],"author":[{"embeddable":true,"href":"https:\/\/www.yungayino.cl\/noticias\/index.php?rest_route=\/wp\/v2\/users\/1"}],"replies":[{"embeddable":true,"href":"https:\/\/www.yungayino.cl\/noticias\/index.php?rest_route=%2Fwp%2Fv2%2Fcomments&post=29113"}],"version-history":[{"count":14,"href":"https:\/\/www.yungayino.cl\/noticias\/index.php?rest_route=\/wp\/v2\/pages\/29113\/revisions"}],"predecessor-version":[{"id":29827,"href":"https:\/\/www.yungayino.cl\/noticias\/index.php?rest_route=\/wp\/v2\/pages\/29113\/revisions\/29827"}],"wp:attachment":[{"href":"https:\/\/www.yungayino.cl\/noticias\/index.php?rest_route=%2Fwp%2Fv2%2Fmedia&parent=29113"}],"curies":[{"name":"wp","href":"https:\/\/api.w.org\/{rel}","templated":true}]}}